{"id":1423,"date":"2023-05-24T17:13:09","date_gmt":"2023-05-24T15:13:09","guid":{"rendered":"https:\/\/uj.jakabantal.ro\/?post_type=product&#038;p=1423"},"modified":"2024-11-07T13:57:56","modified_gmt":"2024-11-07T11:57:56","slug":"meleg-etel-idoseknek-2","status":"publish","type":"product","link":"https:\/\/www.jakabantal.ro\/?product=meleg-etel-idoseknek-2","title":{"rendered":"Meleg \u00e9tel, meleg sz\u00edvvel &#8211; t\u00e1mogassa id\u0151seinket!"},"content":{"rendered":"<p>A <em>Meleg eb\u00e9d<\/em> program k\u00f6zel hatsz\u00e1z neh\u00e9z k\u00f6r\u00fclm\u00e9nyek k\u00f6z\u00f6tt \u00e9l\u0151 id\u0151s ember sz\u00e1m\u00e1ra ny\u00fajt nap mint nap egy t\u00e1l meleg \u00e9telt \u00e9s egy cseppnyi gondoskod\u00e1st. Ez az eb\u00e9d nemcsak t\u00e1pl\u00e1l\u00f3, hanem egyben rem\u00e9nyt \u00e9s t\u00f6r\u0151d\u00e9st is jelent sz\u00e1mukra, ugyanakkor fontos munkalehet\u0151s\u00e9get ad az \u00e9telek elk\u00e9sz\u00edt\u00e9s\u00e9ben k\u00f6zrem\u0171k\u00f6d\u0151, fogyat\u00e9kkal \u00e9l\u0151 munkat\u00e1rsainknak.<\/p>\n<p>A visszajelz\u00e9sek alapj\u00e1n, van olyan id\u0151s is, aki a h\u00e1rom men\u00fct eg\u00e9sz h\u00e9tre be tudta osztani. V\u00e1laszthat egyszeri vagy rendszeres t\u00e1mogat\u00e1st, \u00e9s minden felaj\u00e1nl\u00e1s k\u00f6zvetlen\u00fcl a legink\u00e1bb r\u00e1szorul\u00f3khoz jut el. K\u00f6sz\u00f6nj\u00fck, hogy \u00d6n is hozz\u00e1j\u00e1rul id\u0151seink m\u00e9lt\u00f3 ell\u00e1t\u00e1s\u00e1hoz!<\/p>\n<p><strong>20<\/strong><strong> lejb\u0151l siker\u00fcl \u00f6ssze\u00e1ll\u00edtani a k\u00e9tfog\u00e1sos napi meleg eb\u00e9det.<\/strong><\/p>\n<p>Felaj\u00e1nl\u00e1s\u00e1val t\u00e1mogathatja a gondoz\u00e1sunkban l\u00e9v\u0151 id\u0151s szem\u00e9lyek eb\u00e9dj\u00e9t:<\/p>\n<ul>\n<li>100 lej elegend\u0151 5 napi meleg eb\u00e9dre<\/li>\n<li>200 lej elegend\u0151 10 napi meleg eb\u00e9dre<\/li>\n<li>300 lej elegend\u0151 15 napi meleg eb\u00e9dre<\/li>\n<\/ul>\n<p>Ha banksz\u00e1ml\u00e1j\u00e1r\u00f3l szeretne t\u00e1mogatni, akkor az utal\u00e1st ugyanezekre a <strong>banksz\u00e1mlasz\u00e1mainkra<\/strong> k\u00e9rj\u00fck utalni a \u201cMasa calda\u201d megjegyz\u00e9ssel:<br \/>\nRON \u2013 IBAN: RO51 BTRL RONC RT05 4732 5701<br \/>\nEUR \u2013 IBAN: RO98 BTRL EURC RT05 4732 5701<br \/>\nAsocia\u021bia Caritas Alba Iulia<br \/>\nBanca Transilvania<\/p>\n<h4><span style=\"color: #ff0000;\"><strong>K\u00f6sz\u00f6nj\u00fck!<\/strong><\/span><\/h4>\n","protected":false},"excerpt":{"rendered":"<p>Meleg \u00e9tel id\u0151seknek 50 lej \u00e9rt\u00e9kben.<\/p>\n","protected":false},"featured_media":4748,"template":"","meta":{"site-sidebar-layout":"default","site-content-layout":"default","ast-site-content-layout":"default","site-content-style":"default","site-sidebar-style":"default","ast-global-header-display":"","ast-banner-title-visibility":"","ast-main-header-display":"","ast-hfb-above-header-display":"","ast-hfb-below-header-display":"","ast-hfb-mobile-header-display":"","site-post-title":"","ast-breadcrumbs-content":"","ast-featured-img":"","footer-sml-layout":"","theme-transparent-header-meta":"default","adv-header-id-meta":"","stick-header-meta":"","header-above-stick-meta":"","header-main-stick-meta":"","header-below-stick-meta":"","astra-migrate-meta-layouts":"set","ast-page-background-enabled":"default","ast-page-background-meta":{"desktop":{"background-color":"var(--ast-global-color-4)","background-image":"","background-repeat":"repeat","background-position":"center center","background-size":"auto","background-attachment":"scroll","background-type":"","background-media":"","overlay-type":"","overlay-color":"","overlay-gradient":""},"tablet":{"background-color":"","background-image":"","background-repeat":"repeat","background-position":"center center","background-size":"auto","background-attachment":"scroll","background-type":"","background-media":"","overlay-type":"","overlay-color":"","overlay-gradient":""},"mobile":{"background-color":"","background-image":"","background-repeat":"repeat","background-position":"center center","background-size":"auto","background-attachment":"scroll","background-type":"","background-media":"","overlay-type":"","overlay-color":"","overlay-gradient":""}},"ast-content-background-meta":{"desktop":{"background-color":"var(--ast-global-color-5)","background-image":"","background-repeat":"repeat","background-position":"center center","background-size":"auto","background-attachment":"scroll","background-type":"","background-media":"","overlay-type":"","overlay-color":"","overlay-gradient":""},"tablet":{"background-color":"var(--ast-global-color-5)","background-image":"","background-repeat":"repeat","background-position":"center center","background-size":"auto","background-attachment":"scroll","background-type":"","background-media":"","overlay-type":"","overlay-color":"","overlay-gradient":""},"mobile":{"background-color":"var(--ast-global-color-5)","background-image":"","background-repeat":"repeat","background-position":"center center","background-size":"auto","background-attachment":"scroll","background-type":"","background-media":"","overlay-type":"","overlay-color":"","overlay-gradient":""}}},"product_brand":[],"product_cat":[21],"product_tag":[],"class_list":{"0":"post-1423","1":"product","2":"type-product","3":"status-publish","4":"has-post-thumbnail","6":"product_cat-meleg-etel-idoseknek","7":"desktop-align-center","8":"tablet-align-left","9":"mobile-align-left","11":"first","12":"instock","13":"virtual","14":"purchasable","15":"product-type-simple"},"_links":{"self":[{"href":"https:\/\/www.jakabantal.ro\/index.php?rest_route=\/wp\/v2\/product\/1423","targetHints":{"allow":["GET"]}}],"collection":[{"href":"https:\/\/www.jakabantal.ro\/index.php?rest_route=\/wp\/v2\/product"}],"about":[{"href":"https:\/\/www.jakabantal.ro\/index.php?rest_route=\/wp\/v2\/types\/product"}],"wp:featuredmedia":[{"embeddable":true,"href":"https:\/\/www.jakabantal.ro\/index.php?rest_route=\/wp\/v2\/media\/4748"}],"wp:attachment":[{"href":"https:\/\/www.jakabantal.ro\/index.php?rest_route=%2Fwp%2Fv2%2Fmedia&parent=1423"}],"wp:term":[{"taxonomy":"product_brand","embeddable":true,"href":"https:\/\/www.jakabantal.ro\/index.php?rest_route=%2Fwp%2Fv2%2Fproduct_brand&post=1423"},{"taxonomy":"product_cat","embeddable":true,"href":"https:\/\/www.jakabantal.ro\/index.php?rest_route=%2Fwp%2Fv2%2Fproduct_cat&post=1423"},{"taxonomy":"product_tag","embeddable":true,"href":"https:\/\/www.jakabantal.ro\/index.php?rest_route=%2Fwp%2Fv2%2Fproduct_tag&post=1423"}],"curies":[{"name":"wp","href":"https:\/\/api.w.org\/{rel}","templated":true}]}}